+ 19*n - 27. What is t(18)?
-9
Let n(f) = f**3 + 5*f**2 - 13*f + 2. Give n(-7).
-5
Let x(v) = -v**2 - 16*v + 6. What is x(-6)?
66
Let d(g) = 23*g - 812. Calculate d(35).
-7
Let m(q) = -6*q - 13. Determine m(-2).
-1
Let l(b) = -12*b**2 - 2*b - 1. Determine l(-1).
-11
Let b(o) = -o**3 + 2*o**2 + 15*o - 15. Determine b(5).
-15
Let l(d) = 4*d + 27. Give l(-5).
7
Let w(p) = 229*p + 7. What is w(-1)?
-222
Let g(c) = -c**2 + 16*c - 13. Calculate g(10).
47
Let i(w) = -11*w + 10. What is i(2)?
-12
Let h(c) = 2*c**3 - 5*c**2 + 5*c - 2. Determine h(2).
4
Let w(f) = -8*f - 7. Calculate w(5).
-47
Let q(n) = -6*n - 80. Give q(-13).
-2
Let f(y) = -y**3 - 12*y**2 - 8*y + 37. Determine f(-11).
4
Let f(p) = p. Determine f(-1).
-1
Let h(m) = -m**3 - 6*m**2 + m + 8. Calculate h(-6).
2
Let w(z) = -2*z**2 - 3*z + 9. Calculate w(8).
-143
Let h(v) = -v**2 + 19*v - 59. What is h(11)?
29
Let w(t) = t**2 + 2*t. Determine w(10).
120
Let z(n) = -2*n**2 - 9*n + 5. Give z(-5).
0
Let c(x) = -x**2 + 20*x - 30. Determine c(18).
6
Let k(w) = 21*w + 9. What is k(-5)?
-96
Let i(m) = -m - 2. Calculate i(4).
-6
Let b(a) = -2*a + 41. Determine b(9).
23
Let z(n) = -n + 9. Calculate z(-9).
18
Let o(q) = q**2 - 24*q - 51. What is o(26)?
1
Let j(p) = -p**2 - 7*p - 13. Determine j(-5).
-3
Let w(h) = 2*h**2 + 2*h + 1. Determine w(-4).
25
Let h(k) = k**2 - 7*k + 2. What is h(7)?
2
Let r(w) = -w**3 - 15*w**2 - 15*w - 8. Determine r(-14).
6
Let i(w) = 3*w**2 - w - 57. What is i(-4)?
-5
Let o(l) = 14*l - 4. Calculate o(-5).
-74
Let d(q) = -10*q + 5. Calculate d(3).
-25
Let c(h) = -h**3 + 5*h**2 - 4*h - 2. Give c(4).
-2
Let r(a) = a - 13. Calculate r(3).
-10
Let r(n) = -29*n - 337. What is r(-11)?
-18
Let i(v) = -v + 17. What is i(7)?
10
Let l(h) = -34*h - 535. Give l(-16).
9
Let m(o) = 4*o + 7. Determine m(1).
11
Let t(d) = -18*d**2 - 2*d - 1. What is t(1)?
-21
Let v(l) = -8*l**2 + l + 1. Determine v(-2).
-33
Let l(d) = -d**2 + 11*d - 35. Give l(9).
-17
Let p(s) = -s**2 + 22*s - 132. Calculate p(11).
-11
Let r(t) = 12*t - 34. What is r(4)?
14
Let l(f) = f**2 + 34*f + 42. Give l(-32).
-22
Let d(w) = 4*w**2 - 9*w + 12. Give d(4).
40
Let g(u) = -u**2 - 24. Give g(0).
-24
Let r(f) = -f**2 - 103*f - 753. Give r(-8).
7
Let w(z) = z**2 - 9*z + 11. Determine w(8).
3
Let l(u) = 7*u**2 - 2*u - 1. Calculate l(3).
56
Let h(s) = -s**3 + 3*s**2 - 4*s - 1. Determine h(3).
-13
Let v(y) = 3*y - 7. What is v(7)?
14
Let x(d) = 48*d**2 + d + 1. Determine x(-1).
48
Let f(u) = -u**2 - 23. Give f(0).
-23
Let h(r) = -r**2 - 38*r - 321. Give h(-25).
4
Let z(i) = -i**2 - i + 4. What is z(3)?
-8
Let v(s) = 2*s**2 - 19*s + 33. What is v(8)?
9
Let d(k) = -k**2 + 23*k - 77. What is d(21)?
-35
Let v(u) = -13*u - 5. What is v(2)?
-31
Let v(h) = -h**3 + 3*h**2 + h - 5. Calculate v(3).
-2
Let m(q) = 21*q - 56. Determine m(3).
7
Let s(v) = v - 6. Calculate s(11).
5
Let x(p) = -p**3 + p + 4. Determine x(2).
-2
Let p(t) = -4*t + 50. Calculate p(7).
22
Let l(u) = u**2 + 11*u + 20. What is l(-7)?
-8
Let x(j) = j**3 - 19*j**2 + 19*j + 17. What is x(18)?
35
Let f(s) = s**3 + 8*s**2 + 2*s + 15. Give f(-8).
-1
Let s(t) = -2*t**2 - 7*t - 5. Calculate s(-2).
1
Let i(p) = -3*p + 49. Calculate i(20).
-11
Let l(a) = -57*a + 6. Determine l(0).
6
Let x(p) = -3*p + 40. Give x(11).
7
Let w(k) = -3*k + 25. Determine w(8).
1
Let s(f) = 2*f**3 + 2*f**2 - 4. Give s(-2).
-12
Let u(y) = -y**2 - 21*y + 95. What is u(4)?
-5
Let b(g) = -2*g**2 + 6*g - 6. What is b(5)?
-26
Let s(n) = -n**2 + 9*n - 14. What is s(10)?
-24
Let k(v) = -v**3 - 2*v**2 + 5*v. Determine k(-3).
-6
Let b(o) = 2*o**2 - 4*o - 2. Calculate b(-3).
28
Let j(r) = -2*r**2 + 2*r + 13. Determine j(0).
13
Let h(t) = -t**2 - 8*t + 5. Give h(-9).
-4
Let g(y) = 5*y - 49. Determine g(10).
1
Let x(b) = 3*b + 13. Calculate x(-12).
-23
Let z(j) = -j + 20. What is z(14)?
6
Let p(d) = -d**3 + 5*d**2 + 8*d - 8. Determine p(6).
4
Let w(s) = -12*s**2 - 23*s - 48. Determine w(-2).
-50
Let b(r) = -r**2 + 5*r + 2. Determine b(6).
-4
Let r(u) = u**3 + 3*u**2 + u - 7. Determine r(-3).
-10
Let o(b) = 7*b + 60. Determine o(-13).
-31
Let u(y) = 79*y**3. Determine u(-1).
-79
Let p(a) = -a**3 - 4*a**2 + 2*a. Give p(-5).
15
Let b(o) = 11*o + 17. Determine b(-3).
-16
Let p(l) = -5*l. What is p(3)?
-15
Let b(d) = -d**2 + 4*d - 36. What is b(0)?
-36
Let p(m) = m**3 + 12*m**2 + 26*m + 25. Calculate p(-10).
-35
Let h(x) = 45*x**3 - x**2 + 7*x - 7. Determine h(1).
44
Let f(w) = 2*w**2 - 20*w + 8. Determine f(10).
8
Let v(u) = -4*u + 61. Give v(24).
-35
Let y(l) = -11*l + 336. Calculate y(31).
-5
Let m(s) = -s**2 + 8*s + 7. What is m(8)?
7
Let i(y) = -15*y. What is i(-1)?
15
Let q(i) = -i**3 + 8*i**2 + 5*i + 29. Determine q(9).
-7
Let r(v) = v - 3. Determine r(-6).
-9
Let o(i) = 2*i**3 + 2*i**2 - 2*i - 1. Give o(-2).
-5
Let w(c) = 5*c**3 - 3*c**2 - c + 2. Determine w(-2).
-48
Let m(k) = -4*k + 8. Calculate m(4).
-8
Let n(p) = p**3 + 3*p**2 - 2*p + 3. Give n(-3).
9
Let y(k) = k**2 - 22*k - 37. Calculate y(24).
11
Let q(c) = -c**3 + 5*c**2 + 8*c - 11. What is q(5)?
29
Let k(l) = 3*l**2 + 23*l - 18. Calculate k(-9).
18
Let r(o) = -o**2 - 6*o + 3. Determine r(-7).
-4
Let d(u) = u**3 + 10*u**2 - 12*u + 3. Give d(-11).
14
Let m(w) = 5*w - 1. What is m(-1)?
-6
Let v(t) = -31*t + 22. Determine v(1).
-9
Let o(f) = -3*f**3 + 29*f**2 + 15*f - 19. Determine o(10).
31
Let f(x) = x + 11. Calculate f(-10).
1
Let g(l) = l**3 - 21*l**2 - 19*l - 6. Give g(22).
60
Let n(y) = -y**3 - 4*y**2 - 7*y - 43. Determine n(-5).
17
Let v(c) = -c**3 + 3*c**2 + 4*c - 2. What is v(5)?
-32
Let m(b) = 4*b**3 - 3*b**2 + b + 1. What is m(3)?
85
Let k(m) = -6*m + 6. Calculate k(4).
-18
Let p(v) = v**3 + 5*v**2 + 2*v + 2. Give p(-5).
-8
Let r(o) = -o**2 - 18. Determine r(-7).
-67
Let v(g) = -16*g + 13. Give v(1).
-3
Let a(q) = q**3 - 12*q**2 - 13*q - 19. Give a(13).
-19
Let i(t) = -7*t + 180. Give i(28).
-16
Let l(m) = m**3 + 17*m**2 + 35*m - 95. Give l(-14).
3
Let g(q) = -2*q**3 - 13*q**2 - 12*q - 22. Determine g(-6).
14
Let w(d) = d**3 - 8*d**2 + 6*d + 2. What is w(7)?
-5
Let b(x) = -x**3 - 9*x**2 + x + 10. What is b(-9)?
1
Let a(c) = -c**3 - 8*c**2 - 4*c - 18. Determine a(-8).
14
Let c(z) = -2*z**3 + 9*z**2 + 18*z - 3. Determine c(6).
-3
Let n(j) = 2*j**2 + 5*j + 11. Determine n(-9).
128
Let y(p) = p**2 - 31*p + 77. What is y(28)?
-7
Let s(w) = w**2 - 18*w + 27. Calculate s(16).
-5
Let a(h) = -h**3 - 10*h**2 - 8. What is a(-10)?
-8
Let z(b) = -b**3 - 19*b**2 + 22*b + 46. Calculate z(-20).
6
Let s(t) = -2*t - 10. What is s(-19)?
28
Let t(h) = -h**3 + 7*h**2 + 7*h + 16. Calculate t(8).
8
Let p(w) = -5*w - 50. Determine p(-9).
-5
Let u(w) = -w - 35. What is u(-20)?
-15
Let b(d) = 9*d - 1. Give b(-2).
-19
Let i(k) = 2*k**2 - 8*k - 9. Determine i(-4).
55
Let b(n) = -2*n**2 - 24*n - 1. Determine b(-12).
-1
Let f(m) = m**3 + 4*m**2 + m - 6. Give f(-3).
0
Let k(a) = a + 5. Determine k(-8).
-3
Let h(m) = -10*m + 28. What is h(8)?
-52
Let q(j) = j**2 + 2*j - 87. Give q(8).
-7
Let p(g) = g**2 - 1. Give p(-2).
3
Let q(o) = -o**2 + 93. What is q(-7)?
44
Let h(p) = p - 17. What is h(7)?
-10
Let a(d) = d - 60. What is a(21)?
-39
Let c(q) = 6*q**2 + 24*q - 7. Determine c(-4).
-7
Let k(o) = -o + 13. Determine k(11).
2
Let x(l) = l**3 - 20*l**2 + 40*l - 74. Determine x(18).
-2
Let x(u) = 8*u**3 + 5*u**2 + 6*u + 2. Give x(-1).
-7
Let g(v) = v + 22. Calculate g(-9).
13
Let g(u) = 2*u**2 + 62*u - 5. Give g(-31).
-5
Let l(o) = o**2 - 10*o + 16. Calculate l(7).
-5
Let k(f) = -8*f - 1. Determine k(-2).
15
Let o(l) = -l**2 + l + 1. Give o(-1).
-1
Let d(u) = u**2 + u - 6. Calculate d(0).
-6
Let i(u) = u**3 + 8*u**2 - 10*u - 5. Give i(-8).
75
Let m(u) = 24*u**2 + 2*u - 1. Calculate m(1).
25
Let y(s) = -2*s**2 - 49*s + 51. Give y(-25).
26
Let k(w) = -w**3 - 12*w**2 - 15*w - 4. What is k(-10)?
-54
Let m(j) = 2*j**2 + 3*j + 4. Give m(-3).
13
Let x(m) = m**2 - 8*m + 10. What is x(6)?
-2
Let f(a) = -a + 23. Determine f(17).
6
Let w(r) = -r - 6. Calculate w(7).
-13
Let v(r) = -r + 15. Determine v(-10).
25
Let d(f) = -25*f - 314. Give d(-12).
-14
Let a(h) = -h**3 + 14*h**2 + 5. Give a(14).
5
Let k(r) = 2*r**3 + 2*r**2 - 1. Calculate k(-1).
-1
Let v(t) = -t**2 + 2*t - 41. What is v(0)?
-41
Let k(x) = -x**3 - x**2 - 3*x - 1. What is k(-1)?
2
Let h(w) = w**2 + 9*w - 12. Calculate h(-9)